{"id":799,"date":"2022-06-25T16:03:10","date_gmt":"2022-06-25T19:03:10","guid":{"rendered":"https:\/\/giggroove.com.br\/comunidade\/?page_id=799"},"modified":"2022-12-02T15:06:19","modified_gmt":"2022-12-02T18:06:19","slug":"elementor-799","status":"publish","type":"page","link":"https:\/\/giggroove.com.br\/comunidade\/","title":{"rendered":"Em Breve"},"content":{"rendered":"\t\t<div data-elementor-type=\"wp-page\" data-elementor-id=\"799\" class=\"elementor elementor-799\" data-elementor-post-type=\"page\">\n\t\t\t\t\t\t<section class=\"elementor-section elementor-top-section elementor-element elementor-element-9ec5e32 elementor-section-full_width elementor-section-height-full elementor-section-items-stretch elementor-reverse-mobile elementor-section-height-default\" data-id=\"9ec5e32\" data-element_type=\"section\">\n\t\t\t\t\t\t<div class=\"elementor-container elementor-column-gap-default\">\n\t\t\t\t\t<div class=\"elementor-column elementor-col-50 elementor-top-column elementor-element elementor-element-ad5ff1e\" data-id=\"ad5ff1e\" data-element_type=\"column\" data-settings=\"{&quot;background_background&quot;:&quot;classic&quot;}\">\n\t\t\t<div class=\"elementor-widget-wrap elementor-element-populated\">\n\t\t\t\t\t\t<div class=\"elementor-element elementor-element-ebbdecf elementor-widget elementor-widget-image\" data-id=\"ebbdecf\" data-element_type=\"widget\" data-widget_type=\"image.default\">\n\t\t\t\t<div class=\"elementor-widget-container\">\n\t\t\t\t\t\t\t\t\t\t\t\t\t\t\t<img fetchpriority=\"high\" decoding=\"async\" width=\"587\" height=\"664\" src=\"https:\/\/giggroove.com.br\/comunidade\/wp-content\/uploads\/sites\/3\/2022\/05\/Ativo-2.png\" class=\"attachment-large size-large wp-image-13\" alt=\"GIG Groove Community Oficial\" srcset=\"https:\/\/giggroove.com.br\/comunidade\/wp-content\/uploads\/sites\/3\/2022\/05\/Ativo-2.png 587w, https:\/\/giggroove.com.br\/comunidade\/wp-content\/uploads\/sites\/3\/2022\/05\/Ativo-2-265x300.png 265w\" sizes=\"(max-width: 587px) 100vw, 587px\" \/>\t\t\t\t\t\t\t\t\t\t\t\t\t\t\t<\/div>\n\t\t\t\t<\/div>\n\t\t\t\t\t<\/div>\n\t\t<\/div>\n\t\t\t\t<div class=\"elementor-column elementor-col-50 elementor-top-column elementor-element elementor-element-430688e\" data-id=\"430688e\" data-element_type=\"column\">\n\t\t\t<div class=\"elementor-widget-wrap elementor-element-populated\">\n\t\t\t\t\t\t<div class=\"elementor-element elementor-element-95e6dd5 elementor-widget elementor-widget-heading\" data-id=\"95e6dd5\" data-element_type=\"widget\" data-widget_type=\"heading.default\">\n\t\t\t\t<div class=\"elementor-widget-container\">\n\t\t\t\t\t<h1 class=\"elementor-heading-title elementor-size-default\">EM BREVE<\/h1>\t\t\t\t<\/div>\n\t\t\t\t<\/div>\n\t\t\t\t<div class=\"elementor-element elementor-element-54d4023 elementor-widget elementor-widget-text-editor\" data-id=\"54d4023\" data-element_type=\"widget\" data-widget_type=\"text-editor.default\">\n\t\t\t\t<div class=\"elementor-widget-container\">\n\t\t\t\t\t\t\t\t\t<p>A Comunidade GIG Groove est\u00e1 em desenvolvimento e logo voc\u00ea ter\u00e1 um canal exclusivo para comunica\u00e7\u00e3o direta com a empresa e outras pessoas que est\u00e3o envolvidas conosco.<\/p>\t\t\t\t\t\t\t\t<\/div>\n\t\t\t\t<\/div>\n\t\t\t\t<div class=\"elementor-element elementor-element-5329c58 elementor-widget elementor-widget-heading\" data-id=\"5329c58\" data-element_type=\"widget\" data-widget_type=\"heading.default\">\n\t\t\t\t<div class=\"elementor-widget-container\">\n\t\t\t\t\t<h2 class=\"elementor-heading-title elementor-size-default\">Quer ser avisado? Cadastre seu e-mail<\/h2>\t\t\t\t<\/div>\n\t\t\t\t<\/div>\n\t\t\t\t<div class=\"elementor-element elementor-element-90a8005 elementor-button-align-stretch elementor-widget elementor-widget-form\" data-id=\"90a8005\" data-element_type=\"widget\" data-settings=\"{&quot;button_width&quot;:&quot;30&quot;,&quot;step_next_label&quot;:&quot;Pr\\u00f3ximo&quot;,&quot;step_previous_label&quot;:&quot;Anterior&quot;,&quot;step_type&quot;:&quot;number_text&quot;,&quot;step_icon_shape&quot;:&quot;circle&quot;}\" data-widget_type=\"form.default\">\n\t\t\t\t<div class=\"elementor-widget-container\">\n\t\t\t\t\t\t\t<form class=\"elementor-form\" method=\"post\" name=\"NewsLetter Comunidade\" aria-label=\"NewsLetter Comunidade\">\n\t\t\t<input type=\"hidden\" name=\"post_id\" value=\"799\"\/>\n\t\t\t<input type=\"hidden\" name=\"form_id\" value=\"90a8005\"\/>\n\t\t\t<input type=\"hidden\" name=\"referer_title\" value=\"Em Breve | GIG Groove Community\" \/>\n\n\t\t\t\t\t\t\t<input type=\"hidden\" name=\"queried_id\" value=\"799\"\/>\n\t\t\t\n\t\t\t<div class=\"elementor-form-fields-wrapper elementor-labels-above\">\n\t\t\t\t\t\t\t\t<div class=\"elementor-field-type-email elementor-field-group elementor-column elementor-field-group-email elementor-col-70 elementor-field-required\">\n\t\t\t\t\t\t\t\t\t\t\t\t\t<input size=\"1\" type=\"email\" name=\"form_fields[email]\" id=\"form-field-email\" class=\"elementor-field elementor-size-sm  elementor-field-textual\" placeholder=\"Seu melhor e-mail\" required=\"required\">\n\t\t\t\t\t\t\t\t\t\t\t<\/div>\n\t\t\t\t\t\t\t\t<div class=\"elementor-field-group elementor-column elementor-field-type-submit elementor-col-30 e-form__buttons\">\n\t\t\t\t\t<button class=\"elementor-button elementor-size-sm\" type=\"submit\">\n\t\t\t\t\t\t<span class=\"elementor-button-content-wrapper\">\n\t\t\t\t\t\t\t\t\t\t\t\t\t\t\t\t\t\t\t\t\t\t<span class=\"elementor-button-text\">Enviar<\/span>\n\t\t\t\t\t\t\t\t\t\t\t\t\t<\/span>\n\t\t\t\t\t<\/button>\n\t\t\t\t<\/div>\n\t\t\t<\/div>\n\t\t<\/form>\n\t\t\t\t\t\t<\/div>\n\t\t\t\t<\/div>\n\t\t\t\t\t<\/div>\n\t\t<\/div>\n\t\t\t\t\t<\/div>\n\t\t<\/section>\n\t\t\t\t<\/div>\n\t\t","protected":false},"excerpt":{"rendered":"<p>EM BREVE A Comunidade GIG Groove est\u00e1 em desenvolvimento e logo voc\u00ea ter\u00e1 um canal exclusivo para comunica\u00e7\u00e3o direta com a empresa e outras pessoas que est\u00e3o envolvidas conosco. Quer ser avisado? Cadastre seu e-mail<\/p>\n","protected":false},"author":3,"featured_media":12,"parent":0,"menu_order":0,"comment_status":"closed","ping_status":"closed","template":"elementor_canvas","meta":{"footnotes":""},"class_list":["post-799","page","type-page","status-publish","has-post-thumbnail","hentry"],"yoast_head":"<!-- This site is optimized with the Yoast SEO plugin v26.0 - https:\/\/yoast.com\/wordpress\/plugins\/seo\/ -->\n<title>Em Breve | GIG Groove Community<\/title>\n<meta name=\"robots\" content=\"index, follow, max-snippet:-1, max-image-preview:large, max-video-preview:-1\" \/>\n<link rel=\"canonical\" href=\"https:\/\/giggroove.com.br\/comunidade\/\" \/>\n<meta property=\"og:locale\" content=\"pt_BR\" \/>\n<meta property=\"og:type\" content=\"article\" \/>\n<meta property=\"og:title\" content=\"Em Breve | GIG Groove Community\" \/>\n<meta property=\"og:description\" content=\"EM BREVE A Comunidade GIG Groove est\u00e1 em desenvolvimento e logo voc\u00ea ter\u00e1 um canal exclusivo para comunica\u00e7\u00e3o direta com a empresa e outras pessoas que est\u00e3o envolvidas conosco. Quer ser avisado? Cadastre seu e-mail\" \/>\n<meta property=\"og:url\" content=\"https:\/\/giggroove.com.br\/comunidade\/\" \/>\n<meta property=\"og:site_name\" content=\"GIG Groove Community\" \/>\n<meta property=\"article:publisher\" content=\"https:\/\/www.facebook.com\/GiGGrooveBR\" \/>\n<meta property=\"article:modified_time\" content=\"2022-12-02T18:06:19+00:00\" \/>\n<meta property=\"og:image\" content=\"https:\/\/giggroove.com.br\/comunidade\/wp-content\/uploads\/sites\/3\/2022\/05\/icone-gig-groove-community-oficial.png\" \/>\n\t<meta property=\"og:image:width\" content=\"1000\" \/>\n\t<meta property=\"og:image:height\" content=\"1000\" \/>\n\t<meta property=\"og:image:type\" content=\"image\/png\" \/>\n<meta name=\"twitter:card\" content=\"summary_large_image\" \/>\n<meta name=\"twitter:site\" content=\"@gig_groove\" \/>\n<meta name=\"twitter:label1\" content=\"Est. tempo de leitura\" \/>\n\t<meta name=\"twitter:data1\" content=\"1 minuto\" \/>\n<script type=\"application\/ld+json\" class=\"yoast-schema-graph\">{\"@context\":\"https:\/\/schema.org\",\"@graph\":[{\"@type\":\"WebPage\",\"@id\":\"https:\/\/giggroove.com.br\/comunidade\/\",\"url\":\"https:\/\/giggroove.com.br\/comunidade\/\",\"name\":\"Em Breve | GIG Groove Community\",\"isPartOf\":{\"@id\":\"https:\/\/giggroove.com.br\/comunidade\/#website\"},\"primaryImageOfPage\":{\"@id\":\"https:\/\/giggroove.com.br\/comunidade\/#primaryimage\"},\"image\":{\"@id\":\"https:\/\/giggroove.com.br\/comunidade\/#primaryimage\"},\"thumbnailUrl\":\"https:\/\/giggroove.com.br\/comunidade\/wp-content\/uploads\/sites\/3\/2022\/05\/icone-gig-groove-community-oficial.png\",\"datePublished\":\"2022-06-25T19:03:10+00:00\",\"dateModified\":\"2022-12-02T18:06:19+00:00\",\"breadcrumb\":{\"@id\":\"https:\/\/giggroove.com.br\/comunidade\/#breadcrumb\"},\"inLanguage\":\"pt-BR\",\"potentialAction\":[{\"@type\":\"ReadAction\",\"target\":[\"https:\/\/giggroove.com.br\/comunidade\/\"]}]},{\"@type\":\"ImageObject\",\"inLanguage\":\"pt-BR\",\"@id\":\"https:\/\/giggroove.com.br\/comunidade\/#primaryimage\",\"url\":\"https:\/\/giggroove.com.br\/comunidade\/wp-content\/uploads\/sites\/3\/2022\/05\/icone-gig-groove-community-oficial.png\",\"contentUrl\":\"https:\/\/giggroove.com.br\/comunidade\/wp-content\/uploads\/sites\/3\/2022\/05\/icone-gig-groove-community-oficial.png\",\"width\":1000,\"height\":1000,\"caption\":\"GIG Groove Community Oficial\"},{\"@type\":\"BreadcrumbList\",\"@id\":\"https:\/\/giggroove.com.br\/comunidade\/#breadcrumb\",\"itemListElement\":[{\"@type\":\"ListItem\",\"position\":1,\"name\":\"In\u00edcio\",\"item\":\"https:\/\/giggroove.com.br\/comunidade\/\"},{\"@type\":\"ListItem\",\"position\":2,\"name\":\"Em Breve\"}]},{\"@type\":\"WebSite\",\"@id\":\"https:\/\/giggroove.com.br\/comunidade\/#website\",\"url\":\"https:\/\/giggroove.com.br\/comunidade\/\",\"name\":\"GIG Groove Community\",\"description\":\"Play with you\",\"publisher\":{\"@id\":\"https:\/\/giggroove.com.br\/comunidade\/#organization\"},\"potentialAction\":[{\"@type\":\"SearchAction\",\"target\":{\"@type\":\"EntryPoint\",\"urlTemplate\":\"https:\/\/giggroove.com.br\/comunidade\/?s={search_term_string}\"},\"query-input\":{\"@type\":\"PropertyValueSpecification\",\"valueRequired\":true,\"valueName\":\"search_term_string\"}}],\"inLanguage\":\"pt-BR\"},{\"@type\":\"Organization\",\"@id\":\"https:\/\/giggroove.com.br\/comunidade\/#organization\",\"name\":\"GIG Groove Community\",\"url\":\"https:\/\/giggroove.com.br\/comunidade\/\",\"logo\":{\"@type\":\"ImageObject\",\"inLanguage\":\"pt-BR\",\"@id\":\"https:\/\/giggroove.com.br\/comunidade\/#\/schema\/logo\/image\/\",\"url\":\"https:\/\/giggroove.com.br\/comunidade\/wp-content\/uploads\/sites\/3\/2022\/05\/Ativo-2.png\",\"contentUrl\":\"https:\/\/giggroove.com.br\/comunidade\/wp-content\/uploads\/sites\/3\/2022\/05\/Ativo-2.png\",\"width\":587,\"height\":664,\"caption\":\"GIG Groove Community\"},\"image\":{\"@id\":\"https:\/\/giggroove.com.br\/comunidade\/#\/schema\/logo\/image\/\"},\"sameAs\":[\"https:\/\/www.facebook.com\/GiGGrooveBR\",\"https:\/\/x.com\/gig_groove\",\"https:\/\/www.instagram.com\/giggroove\/\",\"https:\/\/www.youtube.com\/channel\/UCWNjfnff96rFVX9tc2nlB3w\",\"https:\/\/www.linkedin.com\/company\/gig-groove\"]}]}<\/script>\n<!-- \/ Yoast SEO plugin. -->","yoast_head_json":{"title":"Em Breve | GIG Groove Community","robots":{"index":"index","follow":"follow","max-snippet":"max-snippet:-1","max-image-preview":"max-image-preview:large","max-video-preview":"max-video-preview:-1"},"canonical":"https:\/\/giggroove.com.br\/comunidade\/","og_locale":"pt_BR","og_type":"article","og_title":"Em Breve | GIG Groove Community","og_description":"EM BREVE A Comunidade GIG Groove est\u00e1 em desenvolvimento e logo voc\u00ea ter\u00e1 um canal exclusivo para comunica\u00e7\u00e3o direta com a empresa e outras pessoas que est\u00e3o envolvidas conosco. Quer ser avisado? Cadastre seu e-mail","og_url":"https:\/\/giggroove.com.br\/comunidade\/","og_site_name":"GIG Groove Community","article_publisher":"https:\/\/www.facebook.com\/GiGGrooveBR","article_modified_time":"2022-12-02T18:06:19+00:00","og_image":[{"width":1000,"height":1000,"url":"https:\/\/giggroove.com.br\/comunidade\/wp-content\/uploads\/sites\/3\/2022\/05\/icone-gig-groove-community-oficial.png","type":"image\/png"}],"twitter_card":"summary_large_image","twitter_site":"@gig_groove","twitter_misc":{"Est. tempo de leitura":"1 minuto"},"schema":{"@context":"https:\/\/schema.org","@graph":[{"@type":"WebPage","@id":"https:\/\/giggroove.com.br\/comunidade\/","url":"https:\/\/giggroove.com.br\/comunidade\/","name":"Em Breve | GIG Groove Community","isPartOf":{"@id":"https:\/\/giggroove.com.br\/comunidade\/#website"},"primaryImageOfPage":{"@id":"https:\/\/giggroove.com.br\/comunidade\/#primaryimage"},"image":{"@id":"https:\/\/giggroove.com.br\/comunidade\/#primaryimage"},"thumbnailUrl":"https:\/\/giggroove.com.br\/comunidade\/wp-content\/uploads\/sites\/3\/2022\/05\/icone-gig-groove-community-oficial.png","datePublished":"2022-06-25T19:03:10+00:00","dateModified":"2022-12-02T18:06:19+00:00","breadcrumb":{"@id":"https:\/\/giggroove.com.br\/comunidade\/#breadcrumb"},"inLanguage":"pt-BR","potentialAction":[{"@type":"ReadAction","target":["https:\/\/giggroove.com.br\/comunidade\/"]}]},{"@type":"ImageObject","inLanguage":"pt-BR","@id":"https:\/\/giggroove.com.br\/comunidade\/#primaryimage","url":"https:\/\/giggroove.com.br\/comunidade\/wp-content\/uploads\/sites\/3\/2022\/05\/icone-gig-groove-community-oficial.png","contentUrl":"https:\/\/giggroove.com.br\/comunidade\/wp-content\/uploads\/sites\/3\/2022\/05\/icone-gig-groove-community-oficial.png","width":1000,"height":1000,"caption":"GIG Groove Community Oficial"},{"@type":"BreadcrumbList","@id":"https:\/\/giggroove.com.br\/comunidade\/#breadcrumb","itemListElement":[{"@type":"ListItem","position":1,"name":"In\u00edcio","item":"https:\/\/giggroove.com.br\/comunidade\/"},{"@type":"ListItem","position":2,"name":"Em Breve"}]},{"@type":"WebSite","@id":"https:\/\/giggroove.com.br\/comunidade\/#website","url":"https:\/\/giggroove.com.br\/comunidade\/","name":"GIG Groove Community","description":"Play with you","publisher":{"@id":"https:\/\/giggroove.com.br\/comunidade\/#organization"},"potentialAction":[{"@type":"SearchAction","target":{"@type":"EntryPoint","urlTemplate":"https:\/\/giggroove.com.br\/comunidade\/?s={search_term_string}"},"query-input":{"@type":"PropertyValueSpecification","valueRequired":true,"valueName":"search_term_string"}}],"inLanguage":"pt-BR"},{"@type":"Organization","@id":"https:\/\/giggroove.com.br\/comunidade\/#organization","name":"GIG Groove Community","url":"https:\/\/giggroove.com.br\/comunidade\/","logo":{"@type":"ImageObject","inLanguage":"pt-BR","@id":"https:\/\/giggroove.com.br\/comunidade\/#\/schema\/logo\/image\/","url":"https:\/\/giggroove.com.br\/comunidade\/wp-content\/uploads\/sites\/3\/2022\/05\/Ativo-2.png","contentUrl":"https:\/\/giggroove.com.br\/comunidade\/wp-content\/uploads\/sites\/3\/2022\/05\/Ativo-2.png","width":587,"height":664,"caption":"GIG Groove Community"},"image":{"@id":"https:\/\/giggroove.com.br\/comunidade\/#\/schema\/logo\/image\/"},"sameAs":["https:\/\/www.facebook.com\/GiGGrooveBR","https:\/\/x.com\/gig_groove","https:\/\/www.instagram.com\/giggroove\/","https:\/\/www.youtube.com\/channel\/UCWNjfnff96rFVX9tc2nlB3w","https:\/\/www.linkedin.com\/company\/gig-groove"]}]}},"_links":{"self":[{"href":"https:\/\/giggroove.com.br\/comunidade\/wp-json\/wp\/v2\/pages\/799","targetHints":{"allow":["GET"]}}],"collection":[{"href":"https:\/\/giggroove.com.br\/comunidade\/wp-json\/wp\/v2\/pages"}],"about":[{"href":"https:\/\/giggroove.com.br\/comunidade\/wp-json\/wp\/v2\/types\/page"}],"author":[{"embeddable":true,"href":"https:\/\/giggroove.com.br\/comunidade\/wp-json\/wp\/v2\/users\/3"}],"replies":[{"embeddable":true,"href":"https:\/\/giggroove.com.br\/comunidade\/wp-json\/wp\/v2\/comments?post=799"}],"version-history":[{"count":10,"href":"https:\/\/giggroove.com.br\/comunidade\/wp-json\/wp\/v2\/pages\/799\/revisions"}],"predecessor-version":[{"id":809,"href":"https:\/\/giggroove.com.br\/comunidade\/wp-json\/wp\/v2\/pages\/799\/revisions\/809"}],"wp:featuredmedia":[{"embeddable":true,"href":"https:\/\/giggroove.com.br\/comunidade\/wp-json\/wp\/v2\/media\/12"}],"wp:attachment":[{"href":"https:\/\/giggroove.com.br\/comunidade\/wp-json\/wp\/v2\/media?parent=799"}],"curies":[{"name":"wp","href":"https:\/\/api.w.org\/{rel}","templated":true}]}}